f 65858102.
2, 17, 1937003
What are the prime factors of 279251244?
2, 3, 757, 10247
List the prime factors of 1736026532.
2, 37, 11729909
List the prime factors of 38128070.
2, 5, 3812807
List the prime factors of 43249387.
43249387
List the prime factors of 1466361.
3, 13, 83, 151
What are the prime factors of 742376665?
5, 113, 421, 3121
What are the prime factors of 3593201062?
2, 11, 719, 227159
List the prime factors of 2872926025.
5, 114917041
What are the prime factors of 44408715?
3, 5, 13, 29, 7853
List the prime factors of 245711429.
751, 327179
List the prime factors of 3576623.
379, 9437
What are the prime factors of 29017882?
2, 14508941
List the prime factors of 7040427.
3, 67, 35027
What are the prime factors of 255687331?
43, 5946217
What are the prime factors of 617697440?
2, 5, 197, 19597
What are the prime factors of 11035801?
7, 1576543
What are the prime factors of 15333679?
1987, 7717
What are the prime factors of 1009611872?
2, 31550371
What are the prime factors of 747266954?
2, 7, 29, 262937
List the prime factors of 10658514.
2, 3, 1776419
What are the prime factors of 993361269?
3, 331120423
List the prime factors of 735069932.
2, 53, 1237, 2803
What are the prime factors of 173339763?
3, 57779921
What are the prime factors of 3320281136?
2, 37, 307, 18269
What are the prime factors of 910888501?
910888501
What are the prime factors of 340544623?
340544623
What are the prime factors of 21311906?
2, 7, 11, 138389
What are the prime factors of 26758548?
2, 3, 37, 20089
List the prime factors of 4537886001.
3, 11, 5119, 26863
What are the prime factors of 19212816?
2, 3, 7, 211, 271
List the prime factors of 443353744.
2, 17, 95881
List the prime factors of 3154161756.
2, 3, 1231, 213523
List the prime factors of 94593966.
2, 3, 15765661
List the prime factors of 7719531.
3, 73, 101, 349
What are the prime factors of 12750272?
2, 17, 11719
What are the prime factors of 2385586167?
3, 795195389
List the prime factors of 85605308.
2, 21401327
What are the prime factors of 519171776?
2, 47, 172597
What are the prime factors of 1368414267?
3, 11, 41467099
What are the prime factors of 887634843?
3, 295878281
What are the prime factors of 185803094?
2, 1669, 55663
List the prime factors of 127567225.
5, 79, 64591
List the prime factors of 149957060.
2, 5, 11, 681623
What are the prime factors of 906954212?
2, 37, 6128069
What are the prime factors of 1343733470?
2, 5, 109, 929, 1327
What are the prime factors of 72124857?
3, 7, 263, 1451
List the prime factors of 379289481.
3, 23, 5496949
What are the prime factors of 35627838?
2, 3, 2269, 2617
List the prime factors of 469780402.
2, 7, 13, 2581211
List the prime factors of 2333914415.
5, 7, 66683269
List the prime factors of 46253171.
46253171
List the prime factors of 41854361.
41854361
What are the prime factors of 21553053?
3, 7184351
What are the prime factors of 38526887?
7, 47, 16729
List the prime factors of 539257818.
2, 3, 11, 1129, 7237
List the prime factors of 97999108.
2, 2467, 9931
What are the prime factors of 2257375309?
7, 79, 4082053
List the prime factors of 60888913.
359, 169607
What are the prime factors of 1302183738?
2, 3, 193, 374837
List the prime factors of 42592384.
2, 269, 1237
List the prime factors of 169483687.
1429, 118603
List the prime factors of 43515379.
23, 281, 6733
List the prime factors of 37978232.
2, 4747279
What are the prime factors of 102784343?
102784343
List the prime factors of 51649174.
2, 29, 30707
List the prime factors of 1121119443.
3, 113, 1039, 1061
List the prime factors of 3232743647.
7, 17, 27165913
List the prime factors of 342994651.
439, 781309
List the prime factors of 12918245.
5, 691, 3739
What are the prime factors of 93847642?
2, 7, 59, 16231
What are the prime factors of 6140912204?
2, 7, 53, 163, 479
What are the prime factors of 738622703?
7, 13, 613, 13241
What are the prime factors of 6361372?
2, 1590343
What are the prime factors of 1767020491?
31, 1201, 1531
What are the prime factors of 65573745?
3, 5, 101, 43283
What are the prime factors of 338040042?
2, 3, 53, 1063019
What are the prime factors of 2528357962?
2, 13, 67, 97, 1151
What are the prime factors of 38629114?
2, 683, 28279
What are the prime factors of 8742531540?
2, 3, 5, 145708859
List the prime factors of 86982622.
2, 1823, 23857
List the prime factors of 34118709.
3, 101, 112603
What are the prime factors of 75905651?
673, 112787
List the prime factors of 169591337.
17, 73, 136657
What are the prime factors of 31828006?
2, 7, 107, 21247
List the prime factors of 1128396.
2, 3, 94033
List the prime factors of 466843145.
5, 93368629
What are the prime factors of 2854012711?
11, 259455701
List the prime factors of 145164761.
7, 317, 65419
List the prime factors of 2569477145.
5, 1901, 270329
List the prime factors of 3043776800.
2, 5, 3804721
What are the prime factors of 136967828?
2, 509, 67273
List the prime factors of 104319822.
2, 3, 17386637
What are the prime factors of 25772455?
5, 19, 271289
List the prime factors of 78569521.
78569521
List the prime factors of 2101081369.
12239, 171671
List the prime factors of 54086071.
13, 4160467
List the prime factors of 19025220.
2, 3, 5, 317087
List the prime factors of 17121909.
3, 7, 89, 9161
List the prime factors of 4375193315.
5, 29, 73, 103, 4013
List the prime factors of 994037946.
2, 3, 11, 971, 15511
List the prime factors of 4226072892.
2, 3, 31, 11360411
List the prime factors of 482596786.
2, 7, 101, 48757
What are the prime factors of 130905811?
23, 131, 1889
List the prime factors of 17632064.
2, 43, 149
List the prime factors of 147053347.
7, 41, 313, 1637
List the prime factors of 2023290942.
2, 3, 337215157
List the prime factors of 67878639.
3, 43, 4079
List the prime factors of 5105121225.
3, 5, 727, 93629
What are the prime factors of 115268998?
2, 13, 4433423
What are the prime factors of 836072678?
2, 7, 23, 2596499
List the prime factors of 5692949419.
1367, 1543, 2699
What are the prime factors of 355802395?
5, 13, 5473883
List the prime factors of 252944648.
2, 11, 1487, 1933
What are the prime factors of 833735104?
2, 937, 13903
What are the prime factors of 3163737?
3, 389, 2711
What are the prime factors of 304005293?
304005293
What are the prime factors of 2184257645?
5, 1373, 318173
What are the prime factors of 782131226?
2, 2719, 143827
List the prime factors of 42491791.
5683, 7477
List the prime factors of 7672572155.
5, 37, 41473363
List the prime factors of 68218113.
3, 19, 1196809
List the prime factors of 580311008.
2, 2153, 8423
List the prime factors of 30559431.
3, 7, 1455211
What are the prime factors of 78477729?
3, 11, 17, 59, 2371
What are the prime factors of 407308813?
3191, 127643
List the prime factors of 529134971.
19, 41, 679249
What are the prime factors of 8600335877?
7, 1663, 738797
What are the prime factors of 3253308441?
3, 5923, 183089
What are the prime factors of 47259500?
2, 5, 31, 3049
List the prime factors of 4280632258.
2, 7, 23, 151, 12577
What are the prime factors of 28725805?
5, 29, 198109
What are the prime factors of 364035952?
2, 7, 167, 19463
What are the prime factors of 1527903313?
1527903313
List the prime factors of 267213202.
2, 191, 699511
What are the prime factors of 54137596?
2, 13534399
What are the prime factors of 1826803?
11, 17, 9769
What are the prime factors of 654081722?
2, 7, 491, 95153
List the prime factors of 2354693.
11, 214063
What are the prime factors of 3382619609?
19, 178032611
What are the prime factors of 32435983?
17, 19, 137, 733
List the prime factors of 1413273192.
2, 3, 1291, 45613
List the prime factors of 746458065.
3, 5, 5529319
What are the prime factors of 22113327?
3, 23, 320483
What are the prime factors of 1056102936?
2, 3, 7, 6286327
List the prime factors of 63204476.
2, 181, 87299
What are the prime factors of 1223492204?
2, 11, 59, 471299
List the prime factors of 201626672.
2, 13, 969359
What are the prime factors of 168427?
7, 24061
What are the prime factors of 503935785?
3, 5, 11198573
List the prime factors of 21670278.
2, 3, 7, 23, 22433
What are the prime factors of 2551323103?
7, 364474729
List the prime factors of 77910502.
2, 31, 1256621
What are the prime 